85896 and 848.
424
Calculate the highest common factor of 3655 and 2510135.
85
Calculate the highest common divisor of 242227 and 4.
1
What is the highest common factor of 264 and 3535944?
24
What is the highest common factor of 487508 and 55292?
92
What is the highest common factor of 412832583 and 1?
1
What is the highest common factor of 99021737 and 401?
401
Calculate the highest common divisor of 1605428 and 11556.
428
What is the highest common divisor of 232 and 463188?
116
Calculate the greatest common factor of 187683 and 300.
3
Calculate the greatest common factor of 24850 and 161630.
70
Calculate the highest common divisor of 2833677 and 657720.
5481
Calculate the highest common divisor of 24102267 and 1652.
413
Calculate the greatest common factor of 65113215 and 300.
15
What is the greatest common factor of 398413690 and 303?
101
What is the greatest common divisor of 4910 and 8483498?
982
Calculate the highest common divisor of 1 and 7698431.
1
What is the highest common factor of 571 and 88619771?
571
Calculate the greatest common factor of 18375 and 61275.
75
What is the greatest common factor of 127144506 and 444?
222
What is the greatest common divisor of 7165 and 24085864?
1433
What is the highest common factor of 2583949 and 867?
289
Calculate the highest common divisor of 9619271 and 87.
29
Calculate the greatest common divisor of 145459580 and 222.
74
Calculate the highest common factor of 2403348 and 7914640.
9652
What is the greatest common divisor of 2528 and 99040?
32
What is the greatest common divisor of 36710966 and 10173?
3391
What is the greatest common divisor of 6621944 and 12?
4
What is the greatest common divisor of 566271 and 7209?
81
What is the greatest common divisor of 11095 and 104153?
7
What is the greatest common factor of 910 and 143638690?
130
Calculate the highest common divisor of 37310 and 236110.
70
Calculate the highest common factor of 3089053 and 527.
17
Calculate the greatest common factor of 100593 and 72999.
9
Calculate the highest common divisor of 910494765 and 103.
103
What is the highest common divisor of 252321 and 127746?
453
What is the greatest common divisor of 779 and 199242493?
779
What is the greatest common factor of 463957 and 1288898?
1157
What is the highest common factor of 191731225 and 9065?
1295
What is the highest common divisor of 357810 and 2430?
30
Calculate the highest common factor of 1456 and 31073224.
728
Calculate the greatest common divisor of 89884 and 3404.
92
Calculate the greatest common divisor of 878335 and 14488.
1811
Calculate the greatest common divisor of 1348 and 7984.
4
What is the greatest common divisor of 831495 and 1806?
21
Calculate the highest common divisor of 487 and 3103651.
487
What is the greatest common divisor of 130 and 3465215?
65
Calculate the highest common divisor of 3447240 and 46920.
2760
Calculate the greatest common divisor of 492 and 609036.
12
Calculate the highest common factor of 26 and 609869.
13
What is the highest common divisor of 1017 and 215283?
3
What is the greatest common factor of 1238024 and 272?
8
Calculate the greatest common divisor of 13639 and 38555081.
593
What is the greatest common divisor of 10553277 and 54899?
4223
What is the highest common factor of 2246535 and 360?
45
Calculate the greatest common factor of 80 and 7667960.
40
Calculate the highest common factor of 6624442 and 332706.
1562
What is the highest common divisor of 414630 and 34688?
542
Calculate the highest common factor of 11648655 and 39780.
765
Calculate the highest common factor of 672 and 854380128.
672
Calculate the greatest common divisor of 2696960 and 3200.
640
Calculate the highest common divisor of 1535461 and 124.
31
What is the greatest common factor of 77970 and 3897483?
339
Calculate the highest common factor of 5516 and 163772.
28
Calculate the highest common divisor of 22 and 861524114.
22
What is the highest common factor of 15568 and 1152171?
139
Calculate the greatest common divisor of 108 and 11002014.
54
Calculate the highest common factor of 1089 and 80212352.
121
Calculate the highest common divisor of 42572755 and 2590.
185
What is the greatest common factor of 936 and 16512288?
312
What is the greatest common divisor of 4185 and 248279?
31
Calculate the highest common divisor of 1055 and 1285201.
211
Calculate the highest common factor of 417339 and 19557.
369
Calculate the highest common divisor of 5552 and 1235680880.
5552
What is the greatest common factor of 420407374 and 12963?
4321
What is the highest common divisor of 19776 and 74768?
16
Calculate the highest common divisor of 5262278 and 4522.
266
What is the greatest common divisor of 48623601 and 34671?
4953
What is the greatest common divisor of 4594098 and 14478?
762
Calculate the highest common factor of 620 and 232061660.
620
What is the greatest common factor of 5958 and 178969383?
2979
What is the highest common factor of 920576 and 2624?
64
Calculate the highest common factor of 14588039 and 1046.
523
Calculate the highest common divisor of 37951932 and 276.
276
What is the highest common divisor of 18830 and 125860?
70
What is the greatest common divisor of 139838679 and 20715?
4143
What is the greatest common factor of 135290851 and 135377?
12307
Calculate the greatest common factor of 2240 and 4548.
4
Calculate the greatest common divisor of 18579 and 117645.
33
What is the greatest common divisor of 2590 and 8655780?
2590
What is the highest common divisor of 2325950 and 4125?
275
What is the highest common factor of 94464 and 159736?
328
What is the highest common factor of 260805022 and 995?
199
What is the greatest common divisor of 12276510 and 930?
30
What is the greatest common factor of 604771 and 57699?
2137
Calculate the greatest common factor of 28576 and 11360746.
1786
What is the highest common factor of 2455 and 106971715?
2455
Calculate the greatest common divisor of 18378945 and 3393.
117
Calculate the highest common factor of 980686 and 358.
2
Calculate the greatest common divisor of 11464395 and 105.
15
What is the highest common factor of 1704 and 5735784?
24
What is the greatest common divisor of 6560 and 85712140?
820
Calculate the greatest common divisor of 39394677 and 294.
147
What is the greatest common factor of 1072 and 15738501?
67
Calculate the greatest common factor of 11986512 and 3924.
1308
Calculate the highest common factor of 213511848 and 440.
88
What is the highest common factor of 2148 and 95536417?
179
Calculate the greatest common factor of 1562800 and 375.
25
Calculate the highest common divisor of 142833510 and 36.
18
Calculate the greatest common divisor of 824656 and 716912.
4144
What is the greatest common factor of 481344 and 884856?
552
What is the greatest common factor of 108 and 14849964?
36
What is the greatest common divisor of 5989 and 500251?
113
What is the greatest common divisor of 16194 and 15468?
6
What is the greatest common factor of 77023928 and 514?
514
What is the highest common factor of 7512 and 232468856?
2504
What is the greatest common divisor of 250569 and 111771?
99
Calculate the highest common factor of 385572733 and 4879.
4879
What is the highest common divisor of 817582 and 457627?
421
What is the greatest common divisor of 108416771 and 1994?
997
What is the highest common divisor of 193166916 and 12?
12
What is the greatest common factor of 9555167 and 2373?
113
Calculate the highest common factor of 305780 and 6610.
10
Calculate the highest common divisor of 72568 and 260936.
1544
What is the highest common divisor of 75 and 1305025?
25
Calculate the greatest common factor of 19492 and 22803868.
1772
What is the highest common factor of 430648 and 112?
8
What is the highest common factor of 14566257 and 40527?
2133
What is the greatest common divisor of 17963 and 203060?
781
Calculate the highest common divisor of 2359850 and 90.
10
Calculate the highest common factor of 21879 and 2177604.
1287
Calculate the greatest common factor of 104662778 and 3366.
374
Calculate the greatest common divisor of 231284240 and 242000.
9680
Calculate the highest common divisor of 1235 and 275719925.
1235
What is the greatest common factor of 22544522 and 110?
22
What is the grea